5 + 4. What is the units digit of a(-2)?
3
What is the tens digit of 1181 - -1 - 72/(-8)?
9
Suppose -1 - 1 = -l. Let t = -26 + 29. Suppose 5*a - 15 = 0, -t*w - l*a + 41 = -70. What is the units digit of w?
5
Suppose -19*a + 11520 = -13*a. What is the hundreds digit of a?
9
Suppose 0 = -1074*a + 1061*a + 63544. What is the tens digit of a?
8
Suppose -479 = -18*c + 565. What is the tens digit of c?
5
Let q be (-1)/(-1)*(2 - 0/1). Let l(y) = y + 3. Let i be l(0). Suppose -4*p = -3*o - 45, -2*o - 25 = -i*p + q*o. What is the tens digit of p?
1
Suppose 3*f + n - 422 = 408, -4*f - n = -1107. Let o = f + -149. What is the tens digit of o?
2
Suppose -30*x - 4482 = -39*x. What is the units digit of x?
8
Let j(k) = k**3 + 23*k**2 + 26*k + 36. What is the tens digit of j(-21)?
7
Suppose 113*n = 136*n - 11155. What is the tens digit of n?
8
Let x(f) = -2*f - 6. Let s be x(-4). Let z(a) = 6 - 4*a + 67*a**2 + 71*a**2 - 201*a**2 + 71*a**2. What is the tens digit of z(s)?
3
Let x(d) = -d**3 + 9*d**2 + d - 1. Let g be 7 - (-1)/((-5)/(-5)). Let z be x(g). Suppose 2*m - z = 43. What is the units digit of m?
7
Let z = 14 - 10. Suppose z*a - 63 + 274 = 5*y, 5*a = -y - 300. Let b = -36 - a. What is the tens digit of b?
2
Let i(v) = -v**3 - 5*v**2 - 4*v + 2. What is the units digit of i(-4)?
2
Let w = 2014 - -482. What is the units digit of w?
6
Let k be 5 + 5/5 + -2. Suppose 8*i = k*i + 804. What is the tens digit of i?
0
Let i = 15402 - 10210. What is the hundreds digit of i?
1
Let o(n) = -4*n**2 - 2*n - 9. Let s(g) = g**2 + g + 1. Let y(m) = -o(m) - 3*s(m). What is the units digit of y(-12)?
2
Suppose 4*n = 2*p - 158, 5*p - 4*n = 4*p + 87. What is the units digit of p?
1
Suppose -2533 = -19*a + 13408. What is the tens digit of a?
3
Let l(b) = -b - 4. Let k be l(0). Let q be (-40)/(-3)*(5 + (-37)/5). What is the units digit of (q/12)/(k/6)?
4
Let a = 46 - 37. Suppose -288 = -0*p - a*p. What is the tens digit of p?
3
Suppose 0*d = 5*d - 55. Suppose -r = -13 + d. What is the units digit of (9 - 1)*(r - 1)?
8
Let c(d) = -d**3 - d**2 + d + 124. What is the hundreds digit of c(0)?
1
Let q(o) = -24*o - 11. Let t be q(-11). Suppose -9*p + 1837 - t = 0. What is the tens digit of p?
7
Suppose 0*x + s = x - 2, 4*s = -2*x + 4. Let w be (-1)/5 - x/(-10). Suppose w*m = -m + 31. What is the tens digit of m?
3
Suppose 2*m + 1 - 35 = 0. Let a be (-5)/10 + (-14)/(-4). Let c = a + m. What is the units digit of c?
0
Let m be ((-3)/(-9))/((-39)/(-9) + -4). What is the tens digit of -39*(-3)/18*(21 + m)?
4
Let t = 2044 + -1756. What is the tens digit of t?
8
What is the tens digit of 22/(-77) + (-6696)/(-14)?
7
Let m = 4 - 1. Let r(t) = t**m - 5 + 27*t**2 - 21*t**2 + 2*t + 3 - 4. What is the units digit of r(-5)?
9
Let k be (-82)/(-7) + 4/14. Let q be (26/3)/((-8)/k). Let j = -7 - q. What is the units digit of j?
6
What is the units digit of 74/629 - 899/(-17)?
3
Let o(h) = 2192*h**2 + 10*h - 5. What is the hundreds digit of o(1)?
1
Suppose 2*m + 5*l = 702, -l - 3*l = -3*m + 1099. What is the hundreds digit of m?
3
Let k = 6 - 10. What is the tens digit of (-2)/k + (-5 - 579/(-6))?
9
Let y be (2 + 0)*(-82)/(-4). Suppose 104 = -y*m + 42*m. What is the tens digit of m?
0
Suppose 2*l = 2*c + 3*c + 6381, -3*c - 15 = 0. What is the hundreds digit of l?
1
Let u(x) = x**3 + 20*x**2 + 4. Let v be u(-20). Suppose v*j - 413 - 103 = 0. What is the units digit of j?
9
Let q(c) = 3*c**2 - 192*c - 29. What is the hundreds digit of q(73)?
9
What is the tens digit of 51120/26 - 1/(26/4)?
6
Suppose 4*t = -2*y + 104, 4*y + t - 4*t = 252. Let i be 1/(-1) + (2 - -1). Suppose -3*u = i*u - y. What is the tens digit of u?
1
Let p = 1 - 2. Let y = p - -5. Suppose 0*u + 30 = 2*c - 4*u, 4*c - y*u - 48 = 0. What is the units digit of c?
9
Let d be (2 - 0) + 288/6. Let n = 76 + d. Suppose x - 78 = -0*x - 4*a, 2*x - 2*a - n = 0. What is the units digit of x?
6
Let s(m) = m + 3. Let j be (51/15)/(24/20 + -1). What is the units digit of s(j)?
0
Suppose m - 601 = -4*a + 2*a, a - 598 = -m. What is the tens digit of m?
9
Let a be -1 + (0 - 0)/3 - -1. What is the units digit of 2*(35 - a)/((-18)/(-9))?
5
Suppose 5*k = 3*k - 372. Let a = k - -373. What is the tens digit of a?
8
What is the hundreds digit of 25639/7 + 186/14 + -13?
6
Let s = 84 + -84. Suppose s = 5*i + b - 3*b - 637, 2*b = -4*i + 524. What is the tens digit of i?
2
What is the units digit of 50/(-300) - (-6470)/12?
9
Suppose 4*a + 47 + 149 = 0. Suppose -2*d + 288 = 2*d. Let b = a + d. What is the units digit of b?
3
Suppose i - 1410 = -2*i. What is the units digit of i?
0
Let t(m) = 4*m - 17. Let u be t(6). Let x(w) = 0 - 3 - w - 5 + 11*w. What is the tens digit of x(u)?
6
Suppose 4*x + 154 = x + 5*p, -5*x = 3*p + 302. Suppose 0 = -m - 2*h + 115, -37 - 312 = -3*m - 4*h. Let s = m + x. What is the units digit of s?
1
Let u be (-11)/(33/1200) - 0. Let s = 567 + u. What is the hundreds digit of s?
1
Let p = 192 - -14. What is the tens digit of p?
0
Suppose -10*d = -9*d - 67. Let q = d + 0. What is the units digit of q?
7
Let a(r) = -142*r**2 + 4*r - 1. Let i be a(-1). Let s = 380 + i. What is the units digit of s?
3
Let l(y) = -y**2 + 13*y - 18. Let p(v) = v**2 - 12*v - 17. Let t be p(14). Let z be l(t). What is the tens digit of z/(-3)*246/(-4)?
8
Let k = -3075 + 4619. What is the tens digit of k?
4
Let j(t) = -t**3 - 18*t**2 - 45*t + 22. What is the hundreds digit of j(-17)?
4
Suppose 0 = -4*j - 5*b - 4 - 8, 0 = -2*j + 2*b + 12. Suppose 0 = -0*v - j*v + 118. Let n = v + -32. What is the units digit of n?
7
Suppose 345 = 3*n + 2*n. Suppose 9*b - 544 = -7*b. Let t = n - b. What is the units digit of t?
5
Suppose 0 = -5*c - 2*r + 4237, 4*c - 536 = -4*r + 2856. What is the tens digit of c?
4
Suppose -2*q = -700 + 14. What is the tens digit of q?
4
What is the hundreds digit of -3*(102040/15)/(-8)?
5
Let s = 10 - 8. Suppose s*q + 60 = 204. Suppose -4*l + 26 = 2*y + y, 4*y - 4*l = q. What is the units digit of y?
4
Let b(c) = -c + 28. Let n be b(14). Suppose 5*u + 2*v - 12 = 0, 3*v = -n + 2. Suppose -5*j + 170 = 5*a - 100, 3*j = -u*a + 166. What is the units digit of j?
0
Let g be 0/(-4 + 1) + -8. Let l be (-64)/g*5/4. Suppose -2*d = -0*d - l. What is the units digit of d?
5
Let p = -6954 + 9801. What is the hundreds digit of p?
8
Let f be 12/(-90) - (-124)/30. Suppose -1 = -f*o - 5*a + 107, a + 62 = 3*o. What is the units digit of o?
2
Suppose 0 = -40*q + 39*q + 2848. What is the tens digit of q?
4
Let r = -284 - -422. What is the tens digit of r?
3
Suppose -11*g + 3160 = -6*g. Let n = g + -352. What is the tens digit of n?
8
Let h be (0 - -1)*(4 + -2). Suppose h*i + 3*c = 1 + 6, -i + 8 = -3*c. Suppose 0 = -3*d + i*d - 14. What is the units digit of d?
7
Let j(w) be the second derivative of -6*w**3 + w**2/2 - 23*w. What is the hundreds digit of j(-3)?
1
Suppose 6*b - 4*b - 10 = 0. Suppose 2*d + 20 = 2*o, o - 3 - 23 = b*d. Suppose 0 = q - o*q + 80. What is the units digit of q?
6
Let p(u) = u**2 + 24*u - 118. What is the units digit of p(-30)?
2
Let v(w) = -6*w**2 + w + 1. Let t be v(1). Let q(h) = 3*h**2 + 6*h + 7. What is the units digit of q(t)?
1
Suppose 8*i - 4547 = -923. Suppose 40 = -3*s + 2*a + i, -5*s = 4*a - 659. What is the tens digit of s?
3
Let o(b) = -b**3 + 20*b**2 + b - 28. Let u be o(19). Let n = 22 + u. Suppose 3*r = -143 + n. What is the tens digit of r?
7
Let g(a) = a + 82. Suppose -30 = -7*i + 4*i. Let r(q) = q**3 - 9*q**2 - 11*q + 10. Let b be r(i). What is the tens digit of g(b)?
8
Suppose 4*f - 4*h = 220, f = h + h + 60. Let o = 2 + f. What is the tens digit of o?
5
Let u(k) = -k**3 - 2*k**2 - 72*k - 1. What is the thousands digit of u(-15)?
4
Let x(r) = 52*r + 39. Let t be x(7). Suppose -s = m - 100, 4*s = m - 4*m + t. What is the hundreds digit of s?
1
Suppose 29 = 3*s + 17. Suppose -2*i = -4, 0 = -5*c - s*i - i + 230. What is the tens digit of c?
4
Suppose 1854 = 133*q - 132*q. What is the thousands digit of q?
1
Let c be ((-4)/24)/(2/(-12)). Let t be c - (3 - 3 - 2). What is the tens digit of t*(-96)/(-27)*3?
3
Suppose -822 - 1225 = -2*t + 3*k, 996 = t + 4*k. What is the units digit of t?
6
Suppose z = -5*m + 34, -2*m - 10 = -z + 10. What is the tens digit of (((-231)/4)/(-11))/(9/z)?
1
Let f = -14 - 41. What is the tens digit o